{"id":57,"date":"2012-07-06T21:29:04","date_gmt":"2012-07-06T19:29:04","guid":{"rendered":"http:\/\/www.brandt-siefart.de\/?page_id=57"},"modified":"2012-07-06T21:43:01","modified_gmt":"2012-07-06T19:43:01","slug":"uber-mich","status":"publish","type":"page","link":"https:\/\/www.brandt-siefart.de\/?page_id=57","title":{"rendered":"kurz und b\u00fcndig"},"content":{"rendered":"<p>geb. in Emmerich<\/p>\n<p>Studium der Freien Malerei an der Fachhochschule f\u00fcr Kunst und Design in K\u00f6ln (Graduierung 1975),<\/p>\n<p>danach Lehramtsstudium Kunstwissenschaft und Deutsch an der Uni Bonn;<\/p>\n<p>1. und 2. Staatsexamen,<\/p>\n<p>Lehrt\u00e4tigkeit, 9 Jahre (Kunst) am Gymnasium Wesseling und an der VHS Wesseling,<\/p>\n<p>9 Jahre VHS-Kurse \u00d6lmalerei und Speckstein,<\/p>\n<p>ab 1985 in der Malschule der Stadt Br\u00fchl erst als Kunstleiterin t\u00e4tig, dann von 1994 bis 2001 als Leiterin der Malschule Br\u00fchl,<\/p>\n<p>seit 2001 Lehrerin (Kunst und Deutsch) an der Realschule<\/p>\n<p>Kontinuierliche k\u00fcnstlerische Arbeit von 1975 bis heute<\/p>\n<p>1999 Wechsel von der Malerei zur Plastik<\/p>\n","protected":false},"excerpt":{"rendered":"<p>geb. in Emmerich Studium der Freien Malerei an der Fachhochschule f\u00fcr Kunst und Design in K\u00f6ln (Graduierung 1975), danach Lehramtsstudium Kunstwissenschaft und Deutsch an der Uni Bonn; 1. und 2. Staatsexamen, Lehrt\u00e4tigkeit, 9 Jahre (Kunst) am Gymnasium Wesseling und an der VHS Wesseling, 9 Jahre VHS-Kurse \u00d6lmalerei und Speckstein, ab 1985 in der Malschule der [&hellip;]<\/p>\n","protected":false},"author":1,"featured_media":0,"parent":55,"menu_order":0,"comment_status":"open","ping_status":"open","template":"","meta":{"ngg_post_thumbnail":0,"footnotes":""},"class_list":["post-57","page","type-page","status-publish","hentry"],"_links":{"self":[{"href":"https:\/\/www.brandt-siefart.de\/index.php?rest_route=\/wp\/v2\/pages\/57"}],"collection":[{"href":"https:\/\/www.brandt-siefart.de\/index.php?rest_route=\/wp\/v2\/pages"}],"about":[{"href":"https:\/\/www.brandt-siefart.de\/index.php?rest_route=\/wp\/v2\/types\/page"}],"author":[{"embeddable":true,"href":"https:\/\/www.brandt-siefart.de\/index.php?rest_route=\/wp\/v2\/users\/1"}],"replies":[{"embeddable":true,"href":"https:\/\/www.brandt-siefart.de\/index.php?rest_route=%2Fwp%2Fv2%2Fcomments&post=57"}],"version-history":[{"count":0,"href":"https:\/\/www.brandt-siefart.de\/index.php?rest_route=\/wp\/v2\/pages\/57\/revisions"}],"up":[{"embeddable":true,"href":"https:\/\/www.brandt-siefart.de\/index.php?rest_route=\/wp\/v2\/pages\/55"}],"wp:attachment":[{"href":"https:\/\/www.brandt-siefart.de\/index.php?rest_route=%2Fwp%2Fv2%2Fmedia&parent=57"}],"curies":[{"name":"wp","href":"https:\/\/api.w.org\/{rel}","templated":true}]}}